{"id":228,"date":"2015-08-26T12:24:02","date_gmt":"2015-08-26T10:24:02","guid":{"rendered":"http:\/\/bauverein-ketteler.de\/_wp2014\/?page_id=228"},"modified":"2022-07-21T11:19:14","modified_gmt":"2022-07-21T09:19:14","slug":"links","status":"publish","type":"page","link":"https:\/\/bauverein-ketteler.de\/_wp2014\/links\/","title":{"rendered":"Links"},"content":{"rendered":"\n<h3 class=\"wp-block-heading\">Rund um M\u00fcnster<\/h3>\n\n\n<div class=\"two-columns-one\">\n<p><a href=\"https:\/\/www.muenster.de\" target=\"_blank\" rel=\"noopener noreferrer\">muenster.de <\/a><\/p>\n<\/div>\n\n\n<div class=\"two-columns-one last\">\n<p>Hier finden Sie alle Informationen rund um die Stadt M\u00fcnster, Neuigkeiten, aktuelle Veranstaltungen, M\u00fcnsters Stadtteile im Netz, das offizielle G\u00e4stebuch der Stadt M\u00fcnster und vieles mehr.<\/p>\n<\/div>\n\n\n<div class=\"divider\"><\/div>\n\n\n<div class=\"two-columns-one\">\n<p><a href=\"https:\/\/www.stadtwerke-muenster.de\" target=\"_blank\" rel=\"noopener noreferrer\">stadtwerke-muenster.de <\/a><\/p>\n<\/div>\n\n\n<div class=\"two-columns-one last\">\n<p>Neben Informationen in Sachen Energie-, Wasser- und W\u00e4rmeversorgung und dem Online-Zugang f\u00fcr die eigene Vertragsverwaltung finden Sie hier auch das elektronische Fahrplaninformationssystem f\u00fcr den \u00f6ffentlichen Nahverkehr.<\/p>\n<\/div>\n\n\n<div class=\"divider\"><\/div>\n\n\n<div class=\"two-columns-one\">\n<p><a href=\"https:\/\/www.awm.muenster.de\" target=\"_blank\" rel=\"noopener noreferrer\">awm.muenster.de<\/a><\/p>\n<\/div>\n\n\n<div class=\"two-columns-one last\">\n<p>Bei den Abfallwirtschaftsbetrieben finden Sie alle Informationen \u00fcber M\u00fclltrennung, sowie die aktuellen Entsorgungspl\u00e4ne nach Stra\u00dfen sortiert und einiges mehr.<\/p>\n<\/div>\n\n\n<div class=\"divider\"><\/div>\n\n\n<div class=\"two-columns-one\">\n<p><a href=\"https:\/\/www.muensterland.de\/\" target=\"_blank\" rel=\"noopener noreferrer\">muensterland.de<\/a><\/p>\n<\/div>\n\n\n<div class=\"two-columns-one last\">\n<p>Das Portal in M\u00fcnster f\u00fcr Ausfl\u00fcge, Essen &amp; Trinken, Informationen rund um das M\u00fcnsterland und vieles mehr.<\/p>\n<\/div>\n\n\n<div class=\"divider\"><\/div>\n\n\n<div class=\"two-columns-one\">\n<p><a href=\"https:\/\/www.jugendstiftung-wohnstadtbau.de\/\" target=\"_blank\" rel=\"noopener noreferrer\">jungendstiftung-wohnstadtbau.de<\/a><\/p>\n<\/div>\n\n\n<div class=\"two-columns-one last\">\n<p>Die Jugendstiftung Wohn+Stadtbau wurde 2003 gegr\u00fcndet und ist eine staatlich anerkannte Initiative, die Projekte der Kinder- und Jugendarbeit in Wohngebieten sowie Schulen und Jugendbegegnungsst\u00e4tten f\u00f6rdert.<\/p>\n<\/div>\n\n\n<div class=\"divider\"><\/div>\n\n\n\n<h3 class=\"wp-block-heading\">Rund um die Wohnungswirtschaft<\/h3>\n\n\n<div class=\"two-columns-one\">\n<p><a href=\"https:\/\/www.vdw-rw.de\/\" target=\"_blank\" rel=\"noopener noreferrer\">vdw-rw.de<\/a><\/p>\n<\/div>\n\n\n<div class=\"two-columns-one last\">\n<p>Der Verband der Wohnungswirtschaft ist ein Interessen-, Beratungs- und Pr\u00fcfungsverband. Er hat ca. 500 Mitgliedsunternehmen, die rund 1,3 Millionen Wohnungen bewirtschaften.<\/p>\n<\/div>\n\n\n<div class=\"divider\"><\/div>\n\n\n<div class=\"two-columns-one\">\n<p><a href=\"https:\/\/www.e-b-z.de\/\" target=\"_blank\" rel=\"noopener noreferrer\">e-b-z.de<\/a><\/p>\n<\/div>\n\n\n<div class=\"two-columns-one last\">\n<p>Fachliche Aus- und Weiterbildung f\u00fcr Mitarbeiterinnen und Mitarbeiter und nat\u00fcrlich auch f\u00fcr die, die eine Ausbildung in der Wohnungswirtschaft anstreben.<\/p>\n<\/div>\n\n\n<div class=\"divider\"><\/div>\n\n\n<div class=\"two-columns-one\">\n<p><a href=\"https:\/\/www.wohnen-in-genossenschaften.de\/\" target=\"_blank\" rel=\"noopener noreferrer\">wohnen-in-genossenschaften.de<\/a><\/p>\n<\/div>\n\n\n<div class=\"two-columns-one last\">\n<p>Die F\u00f6rderung und Forschung auf dem Gebiet des Wohnens bei Genossenschaften ist der satzungsm\u00e4\u00dfige Zweck des Vereins, der insbesondere die Historie des genossenschaftlichen Wohnens der Allgemeinheit zug\u00e4nglich machen will.<\/p>\n<\/div>\n\n\n<div class=\"divider\"><\/div>\n\n\n<div class=\"two-columns-one\">\n<p><a href=\"https:\/\/www.wohnungsbaugenossenschaften.de\/\" target=\"_blank\" rel=\"noopener noreferrer\">wohnungsbaugenossenschaften.de<\/a><\/p>\n<\/div>\n\n\n<div class=\"two-columns-one last\">\n<p>Auf dieser Seite pr\u00e4sentieren sich ca. 230 Wohnungsbaugenossenschaften mit rund 550.000 Wohnungen in ganz Deutschland. Sollten Sie also eine Wohnung in einer bestimmten Stadt suchen, hier finden Sie die entsprechenden Wohnungsunternehmen.<\/p>\n<\/div>\n\n\n<div class=\"divider\"><\/div>\n\n\n<div class=\"two-columns-one\">\n<p><a href=\"https:\/\/www.deswos.de\/\" target=\"_blank\" rel=\"noopener noreferrer\">deswos.de<\/a><\/p>\n<\/div>\n\n\n<div class=\"two-columns-one last\">\n<p>Gegr\u00fcndet wurde dieser Verein 1969 mit dem Ziel, menschenw\u00fcrdige Wohnverh\u00e4ltnisse in Entwicklungsl\u00e4ndern zu schaffen.<\/p>\n<\/div>\n\n\n<div class=\"divider\"><\/div>\n","protected":false},"excerpt":{"rendered":"<p>Rund um M\u00fcnster Rund um die Wohnungswirtschaft<\/p>\n","protected":false},"author":1,"featured_media":0,"parent":0,"menu_order":0,"comment_status":"closed","ping_status":"closed","template":"","meta":{"footnotes":""},"class_list":["post-228","page","type-page","status-publish","hentry"],"_links":{"self":[{"href":"https:\/\/bauverein-ketteler.de\/_wp2014\/wp-json\/wp\/v2\/pages\/228","targetHints":{"allow":["GET"]}}],"collection":[{"href":"https:\/\/bauverein-ketteler.de\/_wp2014\/wp-json\/wp\/v2\/pages"}],"about":[{"href":"https:\/\/bauverein-ketteler.de\/_wp2014\/wp-json\/wp\/v2\/types\/page"}],"author":[{"embeddable":true,"href":"https:\/\/bauverein-ketteler.de\/_wp2014\/wp-json\/wp\/v2\/users\/1"}],"replies":[{"embeddable":true,"href":"https:\/\/bauverein-ketteler.de\/_wp2014\/wp-json\/wp\/v2\/comments?post=228"}],"version-history":[{"count":10,"href":"https:\/\/bauverein-ketteler.de\/_wp2014\/wp-json\/wp\/v2\/pages\/228\/revisions"}],"predecessor-version":[{"id":2632,"href":"https:\/\/bauverein-ketteler.de\/_wp2014\/wp-json\/wp\/v2\/pages\/228\/revisions\/2632"}],"wp:attachment":[{"href":"https:\/\/bauverein-ketteler.de\/_wp2014\/wp-json\/wp\/v2\/media?parent=228"}],"curies":[{"name":"wp","href":"https:\/\/api.w.org\/{rel}","templated":true}]}}